t the prime factors of 603612.
2, 3, 23
What are the prime factors of 899641?
71, 12671
What are the prime factors of 16663076?
2, 19, 219251
List the prime factors of 10947070.
2, 5, 223, 4909
List the prime factors of 3184727.
7, 13, 79, 443
List the prime factors of 2701332.
2, 3, 75037
What are the prime factors of 52281?
3, 37, 157
List the prime factors of 412307.
7, 58901
What are the prime factors of 1129211?
1129211
List the prime factors of 10747980.
2, 3, 5, 29, 71
What are the prime factors of 288529?
288529
What are the prime factors of 676769?
97, 6977
What are the prime factors of 6819090?
2, 3, 5, 227303
What are the prime factors of 4069028?
2, 179, 5683
What are the prime factors of 358314?
2, 3, 11, 61, 89
What are the prime factors of 1646155?
5, 7, 6719
List the prime factors of 384984.
2, 3, 5347
What are the prime factors of 108813?
3, 19, 23, 83
What are the prime factors of 321182?
2, 160591
What are the prime factors of 6635998?
2, 1223, 2713
What are the prime factors of 4548847?
19, 31, 7723
List the prime factors of 17904.
2, 3, 373
List the prime factors of 30941.
30941
List the prime factors of 63264.
2, 3, 659
What are the prime factors of 280886?
2, 140443
List the prime factors of 2538181.
647, 3923
What are the prime factors of 28708892?
2, 37, 193979
List the prime factors of 11537.
83, 139
List the prime factors of 357873.
3, 119291
What are the prime factors of 2618478?
2, 3, 145471
What are the prime factors of 53085?
3, 5, 3539
List the prime factors of 5266232.
2, 658279
List the prime factors of 1395899.
31, 37, 1217
What are the prime factors of 3773771?
23, 47, 3491
What are the prime factors of 3605839?
19, 173, 1097
List the prime factors of 7413521.
23, 322327
List the prime factors of 7987096.
2, 13, 61, 1259
List the prime factors of 8876023.
13, 17, 40163
List the prime factors of 35531373.
3, 43, 67, 4111
What are the prime factors of 169091?
13, 13007
List the prime factors of 6118749.
3, 7, 13, 31, 241
What are the prime factors of 2258135?
5, 11, 41057
List the prime factors of 448490.
2, 5, 7, 43, 149
List the prime factors of 7343642.
2, 383, 9587
List the prime factors of 1964659.
1964659
List the prime factors of 1331217.
3, 23, 59, 109
List the prime factors of 178628.
2, 44657
What are the prime factors of 3047052?
2, 3, 31, 8191
What are the prime factors of 636993?
3, 7, 10111
What are the prime factors of 1749645?
3, 5, 59, 659
What are the prime factors of 4744754?
2, 7, 227, 1493
List the prime factors of 2052030.
2, 3, 5, 73, 937
List the prime factors of 184243.
19, 9697
List the prime factors of 4060978.
2, 2030489
What are the prime factors of 1807938?
2, 3, 11, 23, 397
What are the prime factors of 147796?
2, 11, 3359
What are the prime factors of 4481724?
2, 3, 13, 28729
What are the prime factors of 216258?
2, 3, 7, 19, 271
List the prime factors of 2823925.
5, 13, 8689
What are the prime factors of 12330371?
631, 19541
List the prime factors of 1233804.
2, 3, 11, 13, 719
What are the prime factors of 176694?
2, 3, 7, 601
List the prime factors of 7805002.
2, 29, 37, 3637
List the prime factors of 533288.
2, 7, 89, 107
What are the prime factors of 1499475?
3, 5, 19993
List the prime factors of 346083.
3, 115361
List the prime factors of 146738.
2, 73369
List the prime factors of 3809684.
2, 349, 2729
What are the prime factors of 734642?
2, 367321
List the prime factors of 834572.
2, 37, 5639
What are the prime factors of 8227512?
2, 3, 229, 499
What are the prime factors of 593257?
7, 84751
What are the prime factors of 8247?
3, 2749
What are the prime factors of 972344?
2, 19, 6397
List the prime factors of 567932.
2, 41, 3463
List the prime factors of 7675103.
7675103
What are the prime factors of 3208449?
3, 571, 1873
List the prime factors of 4033334.
2, 41, 101, 487
List the prime factors of 755444.
2, 188861
What are the prime factors of 99024?
2, 3, 2063
List the prime factors of 4720879.
4720879
List the prime factors of 619622.
2, 309811
What are the prime factors of 1340078?
2, 670039
List the prime factors of 4392976.
2, 7, 61, 643
What are the prime factors of 1495434?
2, 3, 41, 6079
List the prime factors of 193992.
2, 3, 59, 137
List the prime factors of 488232.
2, 3, 6781
What are the prime factors of 2194009?
257, 8537
List the prime factors of 298264.
2, 23, 1621
What are the prime factors of 414921?
3, 13, 10639
What are the prime factors of 8947409?
59, 151651
What are the prime factors of 1727139?
3, 23, 25031
List the prime factors of 1540016.
2, 29, 3319
List the prime factors of 138273.
3, 46091
What are the prime factors of 1096982?
2, 269, 2039
What are the prime factors of 737812?
2, 139, 1327
List the prime factors of 140091.
3, 7, 953
List the prime factors of 160358.
2, 11, 37, 197
What are the prime factors of 5006416?
2, 157, 1993
What are the prime factors of 251149?
251149
List the prime factors of 311437.
7, 44491
What are the prime factors of 3032688?
2, 3, 23, 41, 67
List the prime factors of 172429.
269, 641
List the prime factors of 3850787.
19, 10667
List the prime factors of 1463717.
17, 29, 2969
What are the prime factors of 18078403?
7, 368947
List the prime factors of 324764.
2, 11, 61
List the prime factors of 1819651.
1819651
List the prime factors of 16972193.
7, 2424599
List the prime factors of 1727587.
1727587
What are the prime factors of 5444926?
2, 593, 4591
List the prime factors of 1973547.
3, 17, 12899
List the prime factors of 1750547.
881, 1987
List the prime factors of 428920.
2, 5, 10723
List the prime factors of 1248245.
5, 41, 6089
What are the prime factors of 4457977?
4457977
What are the prime factors of 396680?
2, 5, 47, 211
List the prime factors of 818732.
2, 197, 1039
What are the prime factors of 1566102?
2, 3, 261017
List the prime factors of 2872280.
2, 5, 71807
List the prime factors of 1142580.
2, 3, 5, 137, 139
List the prime factors of 154496.
2, 17, 71
List the prime factors of 511814.
2, 255907
List the prime factors of 38885817.
3, 17, 44851
What are the prime factors of 1514209?
1514209
List the prime factors of 4251829.
4251829
List the prime factors of 270461.
270461
What are the prime factors of 127864?
2, 11, 1453
What are the prime factors of 35368541?
13, 83, 32779
List the prime factors of 321927.
3, 107309
List the prime factors of 98699.
229, 431
What are the prime factors of 1001264?
2, 11, 5689
List the prime factors of 265710.
2, 3, 5, 17, 521
List the prime factors of 21886594.
2, 19, 575963
List the prime factors of 2922678.
2, 3, 11, 29, 509
What are the prime factors of 37774269?
3, 13, 29, 1237
List the prime factors of 227062.
2, 11, 10321
What are the prime factors of 316621?
316621
List the prime factors of 1000265.
5, 7, 28579
What are the prime factors of 1999325?
5, 79973
What are the prime factors of 342430?
2, 5, 11, 283
What are the prime factors of 34596544?
2, 139, 3889
List the prime factors of 20785664.
2, 40597
List the prime factors of 414874.
2, 23, 29, 311
What are the prime factors of 2436594?
2, 3, 73, 5563
What are the prime factors of 5237683?
11, 17, 37, 757
List the prime factors of 35754413.
59, 691, 877
List the prime factors of 410540.
2, 5, 13, 1579
List the prime factors of 176490.
2, 3, 5, 37, 53
List the prime factors of 293444.
2, 73361
What are the prime factors of 734494?
2, 443, 829
What are the prime factors of 5836189?
5836189
What are the prime factors of 422882?
2, 211441
List the prime factors of 7955891.
7955891
What are the prime factors of 418085?
5, 83617
List the prime factors of 4420171.
7, 631453
List the prime factors of 245488.
2, 67, 229
What are the prime factors of 298398?
2, 3, 41, 1213
List the prime factors of 233285.
5, 13, 37, 97
What are the prime factors of 6077?
59, 103
What are the prime factors of 1461465?
3, 5, 47, 691
List the prime factors of 334577.
17, 19681
List the prime factors of 1473167.
83, 17749
List the prime factors of 203423.
11, 18493
List the prime factors of 816557.
7, 157, 743
List the prime factors of 2602239.
3, 867413
List the prime factors of 1577910.
2, 3, 5, 149, 353
List the prime factors of 390198.
2, 3, 65033
List the prime factors of 315475.
5, 12619
List the prime factors of 1251291